e of -68 + (-107 - -48 - -113)?
-14
What is 11 + 12 + -8 + -8 - ((-17 - -15) + -11)?
20
What is (52 - 68) + 82 + -160?
-94
What is -3641 - -3665 - (2 + 1)?
21
Calculate 63 - (-36 - (-7 + (8 - 50))).
50
What is the value of 6 + (8 + -34 - -6) + (-79 - -125)?
32
What is (-1 - -10) + (11 - (11 + 20)) - (9 - -1)?
-21
Calculate 419 + -396 + -4 + 2 + -11 - (-50 + -4).
64
Evaluate -32 + 24 + (-83 + -1 - (16 + 25 + -35)).
-98
Calculate 6 - -90 - (505 - 496).
87
Evaluate 35 + (11 + 13 - 34 - 17) + 87 + -1.
94
Calculate 101 - 33 - (10 + -6 + (2 - 13)).
75
What is the value of -1825 + 1936 - (52 + -1)?
60
Calculate 38 + -23 - (-11 - -13 - -8).
5
Calculate 25 + (-14 - 20) + 91 + (-1 - -11).
92
-74 + 36 + (-27 - -35) + 80
50
Calculate -53 - (0 + 4 - 23) - 28.
-62
Evaluate -17 - (-36 + (-19 - -56)).
-18
Evaluate (76 - 0 - -1) + -865 + (132 - -720).
64
Evaluate (-15 + 4 - (5 + -17)) + 11 + -2 + 32.
42
Evaluate -25 + -24 + -74 + 195.
72
1 + (-1 + 1 + -13 - (-729 + 698))
19
-32 + 1 + -77 + 96
-12
Calculate 646 + -652 + 67 + -3 + 1.
59
Evaluate -128 - (7 - (27 + 8 + -6)).
-106
What is -2 - 21 - (3 - (16 + (-31 - (3 + -19))))?
-25
What is (2 + 57 - 36) + -66?
-43
-512 - -546 - (-27 - 0)
61
What is 43 - (31 - -138 - 44) - -25?
-57
What is -31 + (-106 - -173) + -16?
20
What is 47 + (-15 + 3 - -5) + 11 + -2 + 4?
53
-14 - (-65 + (42 - 30))
39
Evaluate 44 - ((109 - 8) + -91).
34
Calculate 284 + -278 + (3 - 2 - -1 - (-3 - 2)).
13
2 - (1 - -39 - (-40 - (0 - 37)) - 0)
-41
Evaluate 59 + (1 - 48) + -11.
1
Calculate (-7 - 22) + -6 - 74 - -20.
-89
12 + (3 - (-1 - -1)) + (-86 - -21)
-50
Calculate -36 + (-119 + 224 - 107).
-38
What is (-249 - -240) + (24 - -1) + 37?
53
What is the value of (-32 + 21 + 2 - 1) + (2 - 2 - -12)?
2
Evaluate -12 + (1 - (6 - 10 - 9)) - (-14 + -17).
33
What is -6 + (83 - 56) - -47?
68
15 + 0 + -2 - (35 - (89 + (-16 - -6)))
57
Evaluate (25 + -15 - -12) + -4 + 1 - (57 - 63).
25
What is the value of -17 - (6 - -1 - (16 - 13 - -6) - -6)?
-21
What is 11 - (-3 + -43 + -18 + (-17 - -22))?
70
What is 3 + -2 + 4 + 15 - (-8 + 17) - 13?
-2
What is the value of -68 + 61 + 2 + (6 - 4)?
-3
Evaluate -36 - (-56 - (78 + -61)).
37
What is 58 + 20 + -32 + (4 - 26) + 23?
47
What is 189 + 177 + -304 + (-1 - -1 - (-1 - -5))?
58
Calculate 1 + 8 + -12 + (-4 - -1) - (-3 + 25).
-28
Evaluate 19 + (-55 - -36) + 10 + 2 + 1 + -8.
5
What is (-5 - (-47 - 29)) + -45?
26
Calculate -1 + 6 + 20 - (337 + -329).
17
Evaluate -4 + (28 - (26 + -3 + (63 - 81))).
19
What is the value of -30 - (-6 + -13) - (-4 - -1) - -53?
45
What is the value of 30 + -22 + -54 + 116?
70
Calculate (0 - (3 + 5)) + (12 + -2 - 36).
-34
What is 24 - (10 - 4) - 7?
11
Calculate (-123 - -24 - -40) + 40.
-19
What is -11 - (-153 + (48 - (23 + -13)))?
104
What is the value of 34 + (-10 - -16) + -36?
4
Evaluate -77 + -60 + 62 - -126.
51
What is 1 + -109 - (7 - ((-7 - 3 - 2) + 5))?
-122
What is the value of -147 + 138 + -105 - -137?
23
Evaluate (-2 - -3) + -2 + 2 + 19 + (-15 - -18).
23
What is (-204 - 339 - -552) + 0 + (1 - -47)?
57
Calculate (21 - 0) + (-216 - -190) + -7.
-12
What is 94 - (-2 + 28 + -63 + 67)?
64
Evaluate 23 + -11 + -9 - -2 - (3 + 7) - -3.
-2
Calculate (-10 - (-3 - 11)) + 33 + 4 + 2.
43
Evaluate 54 - (39 + 13) - (21 - 2) - -75.
58
What is the value of 22 + (58 - 179 - -210)?
111
Evaluate 34 - 40 - (-11 - (-12 + -37)).
-44
What is 1 + 60 + (-519 - -516)?
58
Calculate 2 + -116 + (-12 - (-34 - 7)).
-85
-23 + -30 - -71 - (-1 + -41 - 2)
62
51 - 27 - (-16 + 27 - 37)
50
Evaluate (-25 - -34) + (-5 - (-10 - -1)) + 11.
24
What is the value of 17 - 42 - ((-9 - -5 - 4) + 6)?
-23
What is 47 + -67 + 38 - 50?
-32
-16 + (14 - -30 - -11)
39
Calculate -7 - -167 - (549 + -467).
78
-107 + 38 + -18 + 32
-55
What is the value of ((5 - 5) + (-4 - -1) - 0) + 7?
4
What is 103 + -93 - (-19 - -1)?
28
What is 10 - 0 - (-99 - (-66 + -22))?
21
604 - 614 - (8 + -7 - (-73 - 1))
-85
Calculate (28 - 16) + -19 + 18 + -59.
-48
Evaluate 0 - -14 - (-545 - -571).
-12
696 - 688 - ((1 - 1) + 3 - (-2 - -10))
13
What is (17 + (1 - 13) - 10) + (3 + -4 - 52)?
-58
What is (468 - 454) + -88 + 4 + -2?
-72
65 - 73 - (-11 - -4) - (0 + -20)
19
(99 - 6) + (1 - (4 - (8 - 1)))
97
What is 32 - 39 - 24 - -63?
32
What is the value of 1 + 1 + -8 + 22 + (-10 + 50 - 1)?
55
What is the value of -96 + 168 + -11 + 16 + 0?
77
Calculate -1 - 3 - -38 - (-1060 - -1029).
65
Evaluate 31 + (-93 + 13 - -19) - -27.
-3
Calculate -64 - (414 + -382 + (-4 - 48)).
-44
Evaluate -8 + (660 - 667 - (1 + 1)).
-17
Evaluate -4 - (406 + -405 + (0 - 24)).
19
Evaluate 5 + -46 + 29 - 25.
-37
What is the value of -25 + 10 + (10 + (-13 - 4) + 7 - -2)?
-13
What is the value of 13 + 4 + (-39 - (-173 + 44))?
107
What is -37 - (-87 - (-43 + -19))?
-12
5 - (-17 + (-2 - -18 - 32))
38
What is the value of 23 - (1 + 12 + 2 + -3) - (85 - 1)?
-73
Calculate (5 - 29) + 71 + -82.
-35
Evaluate 4 + -6 + -1 + (12 - -26) + (-2 - -1).
34
What is the value of -7 + 30 + -29 - (-2 - (62 + -1))?
57
What is 4 + -3 - (-103 + -23 - -29)?
98
Evaluate (-4 - (-5 - 12)) + -23 + (0 - 8).
-18
What is 29 + 182 + -86 - 73?
52
Evaluate (33 + -27 - (-3 - -7 - -3) - 2) + 37.
34
What is 211 + -230 - (-18 + -2 + 8 + 0)?
-7
Calculate -1 - -14 - 1 - ((-11 - -19) + 127).
-123
Calculate 0 + -69 + 8800 + -8777.
-46
Evaluate 59 + 0 + (-2330 - -2316).
45
What is the value of 58 + 82 + (-114 - -84)?
110
What is the value of 36 - 22 - (0 - 1 - -8) - 40?
-33
What is the value of -4 - -27 - (19 - 26 - 19 - -15)?
34
Calculate 76 + 24 + -87 + 30 + 6.
49
609 + -591 - (-3 + -1) - 40
-18
Evaluate 54 - ((26 - -22) + 52).
-46
Evaluate -38 + (-28 - -31) - (-110 - -3).
72
Calculate 6 + -11 + (-30 - -34 - -5).
4
What is the value of (6 - 29) + 37 + -43 + 45?
16
What is the value of -1 + -5 - (11 + 17 + -5 + -5)?
-24
What is (-8 - -2) + -45 + -52 + 183?
80
What is the value of 0 - (-45 + (-77 - -90))?
32
Calculate 93 + 0 - ((37 - (-25 + 29)) + -27).
87
What is 12 + -3 + (-55 - (36 + -84))?
2
-28 + (-30 - -9 - (5 - 9))
-45
Evaluate -1 - 5 - (16 + (-3 - -4) - (15 + 1)).
-7
What is the value of ((-31 - -28) + 22 + 1 - 11) + -10 + 15?
14
Evaluate (-39 - (-3 - -2)) + -103 + -92 + 202.
-31
224 + -225 + (9 - 2)
6
Evaluate -10 + (-13 - (13 + -2)) - -69.
35
Calculate -9 - (48 + -20 + 23 + -17 + 10).
-53
What is (-7 - -74) + (-17 - (7 + -4))?
47
Calculate 24 + (18 - 36) + 15.
21
Calculate 31 - (-1 - (18 + (10 - (53 + -11)))).
18
Evaluate (18 - 21) + -2 + -3 + (17 - -2) + 68.
79
Evaluate -20 - (-7 - -6) - ((155 - 147) + (-1 - 3)).
-23
What is the value of -39 - (-12 + -3 - (-11 + 4 + 4))?
-27
Evaluate -3872 - -3780 - (-2 + -21).
-69
Calculate 21 - (49 - (23 + (1 - 20) + 4)).
-20
What is the value of 27 + -11 + 17 + 11 + -10?
34
Evaluate (-173 - (-36 + 69 - 37)) + 34.
-135
What is the value of -55 - -2 - (-17 + 0 + (23 - 6))?
-53
What is the value of 25 - (-3 - -44) - ((-2 - 3) + -47)?
36
What is the value of 2 + 87 - -1 - 215?
-125
What is the value of (0 - -71) + (-7 - (-13 + 25 + -23))?
75
Evaluate 5 + -74 + (-13 - -26 - -3 - 12).
-65
Evaluate (0 + 1 + -3 - 1) + -1406 + 1447.
38
Calculate 125 + -147 + (9 - -2) + 58.
47
Calculate 67 + 10 + (-50 - 5).
22
What is 133 + -128 - (-1 - 38)?
44
What is the value of -59 - (-49 - -11 - -25)?
-46
Evaluate (1 - (21 + 19 + -135)) + (7 + 7 - -1).
111
What is the value of (1 - 61) + 79 - 77?
-58
Calculate 100 + (129 - (-119 + 462)).
-114
What is (-38 - 3) + 72 + 62 + -104?
-11
Calculate -17 + 3 + (9 - 14 - -7 - 91) + 9.
-94
What is 2 + 38 - (-846 - -886) - (72 + 1)?
-73
Calculate (16 - ((-6 - -18) + -12)) + -7 + 0.
9
Calculate -42 + 4 - (-33 - -27 - (-40 + 22)).
-50
-16 - (6 - (10 + -12 + 16 + -36))
-44
-42 - (-42 + 11 - -17)
-28
Evaluate 389 + -440 + (4 - (-9 - (2 - 7))).
-43
What is the value of 155 - 100 - (63 - -2)?
-10
What is (-68 - -96 - 6) + -103?
-81
What is the value of (-46 - -111 - 11) + -29?
25
Evaluate (6 - 0) + 12 + (-4 - 5) + -54.
-45
What is the value of -71 + 31 + (-76 - -73)?
-43
What is the value of -23 + (11 - -20 - 20) + -24?
-36
(-11 - (3 - 0 - (-361 + 363))) + -41
-53
-46 + -2 - 1 - (29 - (27 + 10)) - 9
-50
Calculate 8 + -2 - (-1 - -5 - -12) - 18.
-28
Evaluate -31 - -66 - (46 - 41).
30
Evaluate (-19 - (-65 - -122)) + 54.
-22
Evaluate (0 - 1 - (-2 - -1)) + -1082 + 1080.
-2
-157 + 104 - (4 + -27)
-